
Is 13953103 prime?
True
Is 2749741 a prime number?
False
Is 146178211 prime?
True
Is 1660199 a prime number?
True
Is 137771 a prime number?
True
Is 3312163 a composite number?
False
Is 35906603 a composite number?
True
Is 25440929 prime?
True
Is 1200961 a prime number?
False
Is 10144033 composite?
False
Is 29288687 composite?
True
Is 40921693 prime?
True
Is 16151281 a prime number?
True
Is 505601 a composite number?
False
Is 370053907 a prime number?
False
Is 30486073 composite?
False
Is 35115493 a prime number?
False
Is 21833 a prime number?
False
Is 229011697 a prime number?
True
Is 134870233 prime?
True
Is 20153597 a prime number?
False
Is 10004503 prime?
False
Is 100483 composite?
False
Is 3432791 a prime number?
False
Is 742741 a composite number?
True
Is 270813 a composite number?
True
Is 6862547 prime?
True
Is 53478751 prime?
False
Is 136927097 a composite number?
True
Is 4529 composite?
True
Is 76891429 a prime number?
True
Is 9986407 a prime number?
True
Is 5573549 a composite number?
False
Is 45518735 a prime number?
False
Is 156665513 composite?
True
Is 796447 prime?
True
Is 109937 a composite number?
False
Is 15665911 a prime number?
False
Is 28301627 prime?
True
Is 38114591 a composite number?
False
Is 66745747 a composite number?
True
Is 24996371 prime?
True
Is 3808667 a prime number?
True
Is 523759 a composite number?
False
Is 386810731 composite?
False
Is 37171649 prime?
False
Is 4740121 prime?
False
Is 16695649 prime?
False
Is 5895973 prime?
False
Is 7037139 composite?
True
Is 22990619 prime?
True
Is 100588181 a composite number?
False
Is 104898217 composite?
False
Is 1595534 composite?
True
Is 3243727 prime?
True
Is 29929169 composite?
False
Is 904593 a prime number?
False
Is 17452399 a prime number?
False
Is 22695007 prime?
False
Is 114943 composite?
True
Is 11445569 prime?
False
Is 87849763 a prime number?
True
Is 57479927 prime?
True
Is 21057411 a prime number?
False
Is 96464561 prime?
True
Is 131113067 prime?
False
Is 990840611 prime?
True
Is 9244931 a composite number?
True
Is 495169 composite?
True
Is 134238982 a prime number?
False
Is 47053471 a prime number?
True
Is 290737 prime?
True
Is 2282141 prime?
True
Is 137090287 composite?
True
Is 52322869 prime?
True
Is 79793677 prime?
True
Is 10032441 a composite number?
True
Is 13270093 a prime number?
True
Is 330509 a prime number?
True
Is 7847417 composite?
True
Is 9065891 a composite number?
False
Is 102262243 a composite number?
False
Is 1177609 a prime number?
True
Is 104544983 a prime number?
True
Is 477845143 a prime number?
True
Is 33365731 composite?
True
Is 23332457 a composite number?
False
Is 43108733 prime?
True
Is 89041607 a composite number?
False
Is 3155903 composite?
True
Is 19646357 a composite number?
False
Is 17890121 prime?
True
Is 186947053 a composite number?
False
Is 5590957 composite?
False
Is 487349 a prime number?
True
Is 91401497 composite?
True
Is 418458517 composite?
False
Is 9090901 a prime number?
True
Is 211558223 prime?
False
Is 3913751 prime?
False
Is 14160611 prime?
False
Is 27821971 prime?
True
Is 5641819 a composite number?
False
Is 1844077 a prime number?
True
Is 71196529 composite?
True
Is 1065521 prime?
False
Is 3724555 a prime number?
False
Is 5370187 a prime number?
True
Is 41966047 a prime number?
False
Is 738601 a composite number?
True
Is 58035039 a prime number?
False
Is 9524881 a prime number?
True
Is 582359 prime?
False
Is 2085743 a prime number?
False
Is 8219353 composite?
False
Is 156875557 a prime number?
False
Is 507289 composite?
False
Is 15897599 a prime number?
False
Is 2684783 prime?
False
Is 4101679 a prime number?
True
Is 8179103 composite?
False
Is 13433371 a composite number?
True
Is 65587187 a prime number?
True
Is 15474481 a composite number?
True
Is 2071061 prime?
False
Is 10797245 prime?
False
Is 3920066 composite?
True
Is 11142107 composite?
False
Is 2698721 a composite number?
False
Is 8918327 a prime number?
False
Is 2579593 prime?
True
Is 641298611 a prime number?
True
Is 1261348631 a prime number?
True
Is 4012573 a composite number?
False
Is 578093 prime?
True
Is 1118431 a composite number?
True
Is 61995487 composite?
True
Is 7187533 a composite number?
True
Is 25216453 composite?
False
Is 302014793 a composite number?
False
Is 623349317 composite?
False
Is 2425703 a composite number?
True
Is 8781739 prime?
True
Is 1076435669 composite?
False
Is 1050319 a composite number?
True
Is 92304293 composite?
False
Is 140414927 composite?
True
Is 38628739 a composite number?
False
Is 2694341 composite?
True
Is 7019 composite?
False
Is 2450963 a prime number?
True
Is 38675855 prime?
False
Is 6067357 prime?
True
Is 5294279 a prime number?
True
Is 1348063 a composite number?
False
Is 6302234 a prime number?
False
Is 442218131 a composite number?
True
Is 18799043 a composite number?
False
Is 111661463 prime?
False
Is 3187064467 a composite number?
False
Is 3923071 a composite number?
False
Is 61130039 prime?
False
Is 6431141 a prime number?
True
Is 79642417 a prime number?
True
Is 1860799 prime?
True
Is 24255755 a prime number?
False
Is 178399711 prime?
False
Is 13070203 a composite number?
False
Is 190627753 a composite number?
True
Is 7590139 prime?
False
Is 2454493 a prime number?
True
Is 4687139 prime?
True
Is 47183273 a composite number?
True
Is 25038047 prime?
True
Is 26795707 a composite number?
False
Is 18284339 composite?
False
Is 9878609 a composite number?
True
Is 773065 prime?
False
Is 10717561 prime?
True
Is 4201621 prime?
True
Is 300842933 a prime number?
False
Is 562504205 a prime number?
False
Is 2960863 composite?
True
Is 3986581 composite?
False
Is 1773043 composite?
True
Is 107479499 a prime number?
False
Is 2010857 a prime number?
False
Is 2735671 prime?
True
Is 22179207 prime?
False
Is 9442117 prime?
True
Is 2923727 a composite number?
False
Is 82163967 prime?
False
Is 76439345 prime?
False
Is 4566971 composite?
True
Is 2635979 a composite number?
False
Is 3102247 prime?
False
Is 7617977 prime?
True
Is 191297657 composite?
False
Is 840547 a prime number?
True
Is 57637 a composite number?
False
Is 173275159 composite?
False
Is 276940259 prime?
False
Is 21222563 composite?
True
Is 1425707 a prime number?
True
Is 648119 a prime number?
True
Is 114539603 composite?
False
Is 2560429 prime?
False
Is 320048965 a prime number?
False
Is 14396797 a prime number?
True
Is 458471 composite?
True
Is 65762761 a composite number?
False
Is 1157141 prime?
False
Is 9509077 prime?
True
Is 144570721 prime?
False
Is 158500409 a composite number?
False
Is 3929017 a prime number?
True
Is 4695118 prime?
False
Is 5544577 a prime number?
True
Is 39833905 composite?
True
Is 5777743 a composite number?
False
Is 8904113 composite?
False
Is 2654209 a composite number?
False
Is 1511371 composite?
False
Is 1541731 composite?
False
Is 47618927 a prime number?
True
Is 222683 a composite number?
True
Is 2294627 prime?
True
Is 2270239 prime?
True
Is 1752857 a composite number?
False
Is 10855967 prime?
True
Is 51560893 prime?
False
Is 19990955 a prime number?
False
Is 9940565 a composite number?
True
Is 136965343 a composite number?
False
Is 3490217 prime?
True
Is 36939797 a composite number?
False
Is 8593097 a composite number?
False
Is 2475751 a composite number?
False
Is 69170039 a prime number?
False
Is 57529889 composite?
False
Is 154682357 composite?
True
Is 451313033 composite?
True
Is 95889523 prime?
False
Is 2875187 composite?
True
Is 2467973 composite?
True
Is 75286382 prime?
False
Is 411629 prime?
False
Is 167326429 prime?
False
Is 8409253 a composite number?
True
Is 14594257 a composite number?
False
Is 175615717 a prime number?
True
Is 10655189 a prime number?
True
Is 6631733 composite?
False
Is 2156801 prime?
True
Is 1004963 prime?
True
Is 2438921 composite?
True
Is 103811 a prime number?
True
Is 17716271 composite?
False
Is 97660049 a prime number?
True
Is 3897559 composite?
False
Is 410507437 a composite number?
False
Is 22947493 a composite number?
True
Is 21375791 a prime number?
True
Is 7250207 a composite number?
True
Is 22620449 a composite number?
True
Is 2651851 a prime number?
False
Is 8737171 a composite number?
True
Is 89171 composite?
True
Is 1358473 a prime number?
False
Is 254653859 a prime number?
F